*c + 30. Let m be b(-5). Let p(n) = 5*n**2 - 6*n - 2. Let v(o) = m*p(o) - 3*k(o). Calculate v(3).
-10
Let q(r) = -r**2 + 6*r + 39. Let o(s) = 13*s**2 - 1751*s - 529. Let k be o(135). Calculate q(k).
-16
Let l(x) = -2*x + 7. Let j(h) = h - 1. Let n(p) = 6*j(p) + l(p). Let y(g) = -143 + 139 + 78 + g**2 - 20*g. Let m be y(15). Give n(m).
-3
Suppose 6*u = -15*u - 42. Let m(k) = -8*k + 2 + k**3 + 4*k - 2 + 7*k + 5*k**2. What is m(u)?
6
Let g(q) = -5*q**3 + 4*q**2 - 3*q - 19. Let l(i) = 2*i**3 + i**2 + 1. Let b(j) = g(j) + 2*l(j). What is b(5)?
-7
Let a(h) = h**2 + 1 + 6*h + 0 - 3 - 8. Let g = 1452 + -1460. Calculate a(g).
6
Suppose 9*d = -108*d + 468. Let x(u) = -u**3 + u**2 + 5*u. What is x(d)?
-28
Let s = 236 + -216. Let r(x) = -x - 22 + 17 + 0*x - 9 + s. Let u be (-1)/4 + (-1)/(-4). Determine r(u).
6
Let v(p) be the second derivative of -1/3*p**4 + p**2 + 0 - 17*p + 1/3*p**3. Let c = -48 - -46. What is v(c)?
-18
Let k(o) = o**3 - 8*o**2 - 8*o - 5. Let h(r) = 64*r - 3254. Let d be h(51). What is k(d)?
115
Let n(f) = -f**3 + 7*f**2 + 3. Let a = 1311 - 1304. Determine n(a).
3
Let g(r) = -r**3 + 6*r**2 - 3*r + 7. Let b(q) = q - 15. Let y be b(17). Suppose 4*l + y*d = 40, 5*l - 2*d - 6 - 44 = 0. Suppose h = 16 - l. Determine g(h).
-11
Let o(p) be the second derivative of -p**5/20 - 5*p**4/6 + p**3/6 + 4*p**2 + 252*p. Calculate o(-10).
-2
Suppose 732 = 243*a + a. Let f(h) = 9*h - 7. Calculate f(a).
20
Let z = 19679 - 39357/2. Let s(j) be the first derivative of -2*j + 12 + z*j**2. What is s(4)?
2
Let l(w) be the first derivative of 0*w**2 - 5/24*w**4 + 44/3*w**3 + 0*w + 1 + 1/24*w**5. Let q(u) be the third derivative of l(u). Give q(-5).
-30
Let c(x) be the first derivative of -x**4/4 - 2*x**3/3 + x**2/2 - 27*x + 4225. What is c(0)?
-27
Let y = -73719 + 73709. Let c(s) be the third derivative of s**4/24 + s**2. Determine c(y).
-10
Let l(z) = 3*z - 12. Suppose -1651*b = -1655*b - 2212. Let k = 559 + b. Determine l(k).
6
Let x(o) = -3*o**3 + 3*o**3 + 5*o + 1 - 2*o**3 - 1 - 2. Let n(g) = g**3 - 2*g. Let z(t) = -n(t) - x(t). Give z(2).
4
Let n(f) be the third derivative of f**5/60 + f**4/4 + f**3 - 24*f**2. Suppose b + 12 = -2*m, 2*b + 9 + 7 = -2*m. What is n(m)?
-2
Let n(w) = -2*w**2 + w + 1. Let y(f) = -f**3 - f. Let j be y(-1). Let b be (-16 - -6)*(-5)/j. Suppose 21*s - 4 = b*s. Calculate n(s).
-2
Let l(t) = -7*t**2 + t. Let q(d) = -7*d - 5. Suppose 0 = 2*i - 29 + 33. Let o be q(i). Let r = o - 8. What is l(r)?
-6
Let t be (16/(-6))/(22/33)*1. Let n(v) = 5*v**2 - v - 3. Let q(c) = -14*c**2 + 3*c + 10. Let h(y) = t*q(y) - 11*n(y). Give h(-3).
5
Let g(d) = -d**2 - 12*d - 7. Let k(j) = -j**2 - 25*j - 15. Let y(v) = 7*g(v) - 3*k(v). What is y(-4)?
-32
Let y(d) = d**3 - d**2 + 1. Let k(n) = -n**2 + 36. Let o be k(5). Let m be (246/o)/2 - 26/143. Suppose -5*x + 14 = -m, 0 = -2*t - x + 3. Calculate y(t).
-1
Let b(w) = -w. Let d be b(4). Let s(k) be the third derivative of 1/12*k**4 + 12*k**2 + 0 + 1/15*k**5 + k**3 + 0*k + 1/120*k**6. Calculate s(d).
-2
Suppose -23*v - 3*v = 16 - 68. Let x(m) be the third derivative of 1/24*m**4 + 0 + 2/3*m**3 + 1/120*m**6 + 1/12*m**5 + 0*m + 21*m**v. Calculate x(-5).
-1
Let x(n) = -1. Let a(g) be the second derivative of g**3/6 - 3*g**2 + g. Suppose 55*h = -38 - 17. Let b(r) = h*a(r) + x(r). Determine b(8).
-3
Let h = 350 - 346. Suppose 0 = 4*m + a + 29, 2*a = h*m - 2 + 16. Let p(q) = -q**2 - 4*q - 2. Give p(m).
-14
Let v(q) = 2*q**2 - 23*q - 19. Let b = 19164 + -19151. Determine v(b).
20
Let g(p) be the second derivative of p**3/6 - 5*p**2/2 + 10*p. Let s = -283 + 286. Determine g(s).
-2
Let g(b) = -b**2 - 22*b - 17. Let m(q) = -24*q**2 - 860*q + 134. Let o be m(-36). What is g(o)?
103
Let i(n) be the third derivative of n**4/8 - 7*n**3/6 + 2*n**2 + 5229*n. Let f be -1 + (1 - -1*2). Let b = f - -4. Calculate i(b).
11
Let g(z) = 753 + 11*z**2 + 11*z + 12*z**2 - 769 - 24*z**2. What is g(9)?
2
Let z(s) = -s**2 + 7*s - 8. Let n(k) = 2*k**2 + 19*k + 68. Let x be n(-7). Suppose 3*p - x = -3*q, -5*q + 34 = 2*p - 9. Determine z(q).
-8
Let h(a) = -2*a**2 - 21*a - 31. Let n = 1261 + -1267. Give h(n).
23
Let r(h) = 5*h**3 + h**2 + 2 + 366972*h - 366975*h + h**2. Determine r(1).
6
Suppose 7*b + 106 = 169. Let k(s) = 27*s**3 - b + 6 - 26*s**3 + 0*s + s**2 + 2*s. Give k(0).
-3
Let p = -4147 + 4146. Let a(g) = -18*g**3 + 2*g**2 - g - 2. What is a(p)?
19
Let k(o) = -13*o**2 - 78*o + 39. Let p(q) = 4*q**2 + 26*q - 14. Let a(m) = -3*k(m) - 10*p(m). Determine a(-27).
-4
Let n(p) = -918 - 924 + 24*p + 2757 - 924. Determine n(-5).
-129
Suppose 0 = -2*r + 3*r - 0*r. Let n = r + 5. Let c(i) = 0*i**3 - i**3 - 7*i + n + 19*i - 15*i + 4*i**2. Determine c(4).
-7
Suppose 0 = 2*c + 4*g - 38, 2*g = 2*c - g - 3. Let o(h) = c*h - h - 1 - 8*h + h. Give o(-7).
-8
Let g(h) = -h**3 - 12*h**2 + h + 16. Suppose 30 = -b - 5*q - 5, -50 = 3*b + 4*q. Let w be 4/b*(99/3 - 3). Calculate g(w).
4
Let b be (-180)/(-42)*42/3. Suppose 358*r = 364*r - b. Let m(u) = -u**3 + 9*u**2 + 10*u + 8. Give m(r).
8
Let g = 23671 + -23679. Let l(v) be the first derivative of v**3/3 + 4*v**2 + 10*v - 1. Determine l(g).
10
Let d(s) = s**3 - 5*s**2 - 7*s + 5. Let r be ((-4)/(-24))/((-2)/(-24)). Suppose -20 = -z - 5*c, -r*z - 4*c + c = -19. Calculate d(z).
-30
Let w(a) be the first derivative of -a**6/120 + a**5/15 - 5*a**4/24 + 7*a**3/6 - 7*a**2/2 - a - 59. Let j(q) be the second derivative of w(q). Determine j(3).
1
Suppose 2*n + 0*n = -5*o + 62, 0 = 4*o - n - 60. Let s(k) = 6*k - o*k + 32*k**2 + 7 - 31*k**2. Calculate s(8).
7
Suppose -2*h = h - 4*l - 62, 2*h - 46 = 5*l. Let z(k) = -k + 23. Let u be z(h). Suppose 0*d - 2*d = -u*s - 14, 4*d = -5*s - 32. Let c(f) = 2*f + 5. Give c(s).
-3
Let f(d) be the third derivative of -d**4/12 + 12*d**2 - 2*d. Let p(i) = i**3 - 33*i**2 + 28*i + 120. Let s be p(32). Determine f(s).
16
Suppose -23*a = -20*a - 6, 4*a + 36 = -2*b. Let n(j) = j**3 + 24*j**2 + 45*j + 29. Determine n(b).
7
Let k = -14 - -3. Let b = k + 49. Suppose -b*f - 24 = -41*f. Let c(d) = -d**2 + 9*d - 12. Determine c(f).
-4
Let k(c) = c**2 + 9*c + 11. Let d be k(-8). Let v(u) be the first derivative of 1/4*u**4 + u - 43 - 1/2*u**2 - u**3. Give v(d).
-2
Let l(n) = n. Let d(g) = g**3 + 5*g**2 - 5. Let s(z) = d(z) - 6*l(z). Suppose 3964 - 391 = -557*b + 231. Give s(b).
-5
Let g(b) be the third derivative of -3*b + 3/2*b**3 + 0 - 38*b**2 + 1/4*b**4 + 1/60*b**5. Determine g(-4).
1
Suppose 0 = -3*a - 12 - 3. Let g(n) = -3*n - 17. Let r be g(a). Let j(w) = -2*w**2 - 6*w**3 - 1 + 1 + 5*w**3 + 2*w. Determine j(r).
-4
Let b(a) = -17*a + 7. Let g(j) be the third derivative of 17*j**4/12 - 5*j**3/2 - 105*j**2. Let o(x) = -13*b(x) - 6*g(x). Calculate o(-2).
-35
Let h(f) = f**2 - 1. Let b(r) be the first derivative of -8*r + 5/3*r**3 + 15 + r**2. Let y(p) = 2*b(p) - 14*h(p). Give y(2).
-10
Let r(p) = 3*p**2 - p - 1. Let c(v) = v + 13. Let m be c(-10). Suppose 4*y - 3*g = 19, 2*g = 2*y - 2*g - 12. Suppose -m*j + y = 10. Give r(j).
13
Let n(z) = -4*z**3 + 8*z**3 - 200*z**2 + 194*z**2 + 5*z - 5*z**3 - 5. Determine n(-7).
9
Suppose 5*a + b = 4*a - 99, 5*b = -2*a - 204. Let h = -91 - a. Let g(p) = -4*p + 8. Determine g(h).
-16
Let g(k) = -k**3 + 8*k**2 + 4*k - 1. Suppose -49*l - 1070 + 1511 = 0. What is g(l)?
-46
Let f(p) = -p**3 - 88*p**2 - 494*p - 167. Let i be f(-82). Let s(j) = -j**3 + 3*j**2 + 7*j - 16. Calculate s(i).
17
Let n = 5317 + -5315. Let m(k) be the second derivative of -1/20*k**5 - 2*k**n - 1/4*k**4 - 19*k + 0 - 1/2*k**3. What is m(-3)?
5
Let o(m) = m**3 + 20*m**2 + 21*m + 43. Let r(q) = -q**2 + 42*q - 459. Let p be r(22). What is o(p)?
5
Let g(x) = -6*x + 115*x + 23 - 110*x. What is g(6)?
17
Let g(b) = -b**3 - 2*b**2 + 6. Let o = 2892 + -2892. What is g(o)?
6
Let y = -214 + 217. Let r(g) = 3 - g**y - 7*g**2 + 2 - 2 + 4 - 3*g. Give r(-6).
-11
Let s(c) = -53*c + 112. Suppose -158 = 2*x - 3*u - 171, 0 = -5*x - 3*u + 1. Give s(x).
6
Let j(u) be the first derivative of u**3/3 + 11*u**2/2 + 25*u - 148. Let k(v) = -v**2 - 5*v - 1. Let s be k(-6). Let t be j(s). Let g(i) = -2*i. What is g(t)?
6
Let h(a) = -3 + 6 - a - 3 + 10. Suppose 424*m - 2444 = 100. What is h(m)?
4
Suppose -6*o = 19*o - 50. Suppose -3*l + 5*c = -11 + o, 4*l - 12 = c. Let z(p) = -p**2 - p - 3 + 6*p + 2*p**2. Calculate z(